e of 2*m**3/3 - 2*m - 188. Let l(d) = 2*d. Let i be l(-1). Calculate h(i).
6
Let q(n) = 0 - 3*n + 0. Let k be q(-1). Let a(p) be the third derivative of -p**6/120 + p**5/15 - p**4/8 + p**3/6 + 6*p**2. What is a(k)?
1
Let x(k) = 4*k**3 - 5*k**2 + 4*k + 3. Let t(y) = -4*y - 9*y**2 + 1 - 5*y**3 - 4 + y + 13*y**2. Let l(g) = -3*t(g) - 4*x(g). What is l(7)?
-3
Let c(v) be the third derivative of -v**4/24 + v**3/3 + 24*v**2. Determine c(5).
-3
Suppose 6 = -5*r + 1. Let z(l) = -4*l**2. Let v be z(r). Let p(y) = y + 6. What is p(v)?
2
Suppose 4*p - 14 + 2 = 0. Suppose 9*q - 5*q = 16. Let z(j) = 4 - p*j**3 - 4*j**2 + 7 + 2*j**3 + 8*j - q. Determine z(-5).
-8
Let h(j) = j + 3. Let q = -25 + 29. Suppose 0 = -q*r + 13 - 33. Give h(r).
-2
Suppose -2*y + 3 - 9 = 0. Let q = y + 5. Let a(k) = 11 + 2*k**q - 11 + k. Give a(-1).
1
Suppose 0 = q - 3*q + 12. Let m(w) = 4*w - q + 2 - 2*w. Let a = 0 + 4. Determine m(a).
4
Let w(x) = -3 + 3*x**2 - 2*x**2 - 5*x + 2*x. Calculate w(5).
7
Let h(o) = -5*o - o**2 + 4*o - 21 + 25. Give h(-4).
-8
Suppose -5*y = -2*n - 10 - 38, 4*y = 3*n + 58. Let f(g) = g**3 + 14*g**2 + g + 18. Give f(n).
4
Suppose -3 - 9 = -4*k. Suppose -2*v + 2 = -2. Let s(b) = -3*b - 2 + 7*b**2 + b**v - b**3 + 0*b**2 - k*b**2. Give s(3).
7
Let a(b) be the third derivative of b**6/120 + b**5/12 - 5*b**4/24 + 4*b**3/3 - 5*b**2. What is a(-6)?
2
Let z(r) = r + 1. Let s be z(-3). Let v be ((-2)/s)/((-2)/(-4)). Let y(p) = 0*p + v*p - p**2 + 4 - 1. What is y(-2)?
-5
Let w = -38 - -70. Let d be 5/(-25) + w/10. Let f(c) = 5*c - 4. Determine f(d).
11
Let h(i) be the third derivative of i**4/24 + i**3/6 + 4*i**2. Suppose -r = -0*r + 6. What is h(r)?
-5
Let g(l) = -3*l**3 + 2*l**2 - 2*l + 1. Suppose 2*y = k + 4, 0*y + 2*y - 6 = 2*k. Give g(y).
-2
Let x(g) = -3*g + 2. Let o be -4 - (-24)/(1 - -3). Give x(o).
-4
Let b(n) be the second derivative of n**3/3 + 21*n. Give b(-6).
-12
Let a(c) = -3*c**2 + 2*c + 2. Let f be -4 - -3 - 6/(-2). Determine a(f).
-6
Let g(b) = 4*b + 2. Let o be 6/4*32/(-24). Determine g(o).
-6
Suppose -3*f + 3 = v - 17, 2*v - 4 = 0. Suppose 0 = -3*m - 0*m + f. Let z(r) = -3*r**3 + r + m*r**3 + 6*r**2 - 4*r. Determine z(5).
10
Let m = -7 + 12. Let j(t) = t + 2. Let p be j(m). Let h = p + -3. Let c(y) = -y**2 + 3*y - 2. Give c(h).
-6
Let g(b) = -4*b**3 - 2*b**2 + 4*b + 4. Let p(q) = -q**3 + q + 1. Let f(v) = g(v) - 5*p(v). Let r = 9 - 7. Determine f(r).
-3
Let j(o) = 4*o - 4 + 0*o - 7*o + 5. Calculate j(2).
-5
Let q be (-1)/(-2) - (-5)/2. Let z(y) = y**3 - y. Let l(f) = 2*f**3 + 3*f**2 - 3*f - 1. Let o(a) = q*z(a) - l(a). What is o(2)?
-3
Let y(l) be the third derivative of l**4/24 + l**3/3 - 4*l**2. Determine y(3).
5
Let t(n) = 2*n - 18. Let s be t(0). Let b be 6/s*(0 + 0). Let q(r) = r**2 + r + 7. Determine q(b).
7
Let h(r) be the second derivative of -7*r**4/6 - 4*r**3/3 + r**2/2 + 4*r. Let f(i) = -29*i**2 - 17*i + 2. Let y(p) = 6*f(p) - 13*h(p). What is y(1)?
9
Let f(h) = 6*h + 0*h - 77 - 5*h + 79. What is f(5)?
7
Let y(i) = 3*i - i - 5*i - 7. Let o(s) = -s**2 + 6*s - 5. Let w be o(6). Calculate y(w).
8
Suppose c - 5*o - 5 = 0, 3*c - 5*o = 7*c - 20. Let g(s) = 1 + 10*s - s**2 + 4 - 2*s - 5*s. Give g(c).
-5
Suppose 4*o = 12 - 0. Let a(i) be the third derivative of 0*i + 1/12*i**4 + 1/3*i**3 + 0 - 1/60*i**5 - i**2. Give a(o).
-1
Suppose -f = 3*f + 20, 5*o = -f - 35. Let p(v) = -3*v - 14. Let m be p(o). Let a(g) be the first derivative of g**2/2 + 3*g - 2. What is a(m)?
7
Let z(c) = 2*c**2 + 23*c - 27*c - c**2 - 7. What is z(5)?
-2
Let m(y) = y**3 - 4*y**2 + 4*y. Let t = 39 + -35. Give m(t).
16
Let v(y) = y - 1. Let f be (0 - 4)*7/4. Let r(x) = x + 6. Let w be r(0). Let q = w + f. Calculate v(q).
-2
Let y be ((-1)/(-3))/((-7)/21). Let p(o) = -18*o**2 + 1. Give p(y).
-17
Let c(t) = -8*t**2 - t. Suppose 0 = 5*x - 5*d - 10, 6*d = 2*d - 12. Calculate c(x).
-7
Let i(c) be the second derivative of c**3/3 - 7*c**2/2 - 5*c. Let s be 228/9 - (-1)/(-3). Suppose -s = -d - 4*d. What is i(d)?
3
Let b(l) = -l**3 + 4*l**2 + 6*l + 1. Suppose 4*s + s = -75. Let p be (6/s)/((-3)/(-30)). Let d be (-18)/p + 5/10. What is b(d)?
6
Let a = 6 - 2. Let h = 5 - -2. Let z(k) = -h + 4*k + k - 3*k + 6. Calculate z(a).
7
Let x(q) be the second derivative of -q**8/6720 - q**7/504 - 7*q**6/720 - q**5/30 - q**4/12 + 2*q. Let f(z) be the third derivative of x(z). Determine f(-4).
8
Suppose 0*m - 2*m = -8, 4*m - 21 = 5*p. Suppose 2*j + 2*d + 2 = 0, 0 = d - 2*d - 1. Let w(s) = s**3 - 4*s**3 + j*s**3. Give w(p).
3
Let r(f) = 4*f**2 + 2*f + 1. Let x be 2 + (-2 - -2) - 4. Let b = x + 8. Let z be 1 - (b*1)/3. What is r(z)?
3
Let r(j) = -1 - j + 4*j + 0 + 10. Give r(-5).
-6
Suppose -3 = -w - 1. Let o(a) = 0*a**2 - 1 + a**2 - a + 0*a + 0*a**w. Determine o(3).
5
Let n(q) = -q**3 - q**2 + q - 2. Let v(l) = -l**2. Suppose -u = -3*u. Let d be v(u). Suppose 0*p + p - 5*i + 27 = d, 7 = -p + i. Give n(p).
0
Let g(f) = -f - 5. Suppose 2*i - 4 = 4*i, -3*i = -r - 17. Let n be (-8)/24 + r/3. Determine g(n).
3
Let g(f) = -f**2 + 7*f + 6. Let u be g(7). Let k(i) = -2*i - 7 + i**2 + 0*i + u*i. Determine k(-6).
5
Let s(t) be the second derivative of -t**5/60 - t**4/24 + t**3/2 + 4*t. Let u(j) be the second derivative of s(j). Determine u(-3).
5
Let p(q) = q**3 - 3*q**2 - 1. Suppose 0 = 2*k + 5*x + 12 - 2, 4*x = -2*k - 6. Suppose 3*s = 3*y - 9, -6 = -4*y - k*s + 6. What is p(y)?
-1
Let s(y) = -y**2 - 8*y + 13. Let i be s(-9). Let j(l) = 6*l - 20. Let n(z) = 2 - 3*z + 5*z - 9. Let b(f) = -4*j(f) + 11*n(f). Give b(i).
-5
Let x(r) = r**3 - 8*r**2 - 10*r + 9. Let b be x(9). Suppose b = 4*w - 2*w + 12. Let i(s) = -s**2 - 6*s + 7. Determine i(w).
7
Let g(p) be the third derivative of p**6/120 + p**5/30 + p**4/12 + p**3/3 + 19*p**2. Calculate g(-2).
-2
Let l(j) be the first derivative of j**3/3 + 2*j**2 + 2*j + 3. Let a be l(-2). Let o = a + 3. Let i(f) = -4*f**2 + f - 1. Determine i(o).
-4
Let z(q) = q**3 + 6*q**2 + 6*q + 5. Let f(o) = o**3 + 6*o**2 - 7*o + 3. Let r be f(-7). Suppose 0*c = -r*c + 42. Let m = 9 - c. Give z(m).
0
Let r(p) = -7*p. Let f(b) = 27*b. Let m(u) = -2*f(u) - 9*r(u). Let g(z) = -5*z. Let k(n) = -11*g(n) - 6*m(n). Determine k(1).
1
Let o(n) = 2*n + 3. Let y(b) = -9*b - 13. Let w(i) = 26*o(i) + 6*y(i). Calculate w(-5).
10
Suppose -14 = 4*o - 6. Let w be o + 2*6/4. Let f(b) be the second derivative of -b**5/4 + b**3/6 - b**2/2 + b. What is f(w)?
-5
Let t = -56 - -57. Let s(q) = 2*q**2 + 1. What is s(t)?
3
Let n(f) = f**3 + 3*f**2 - 3*f - 5. Let t = 9 + 1. Let s be (-2 + -3)*8/t. Calculate n(s).
-9
Let s(b) be the third derivative of -b**5/60 + b**3/6 + b**2. Suppose 3*j - 8 = -4*u, 9 - 1 = 5*j + 4*u. Suppose 4*g + c + j*c = 3, -2*g + c = -3. Give s(g).
0
Let v(j) = j + 3. Let p be v(5). Let b(i) = -3*i + 6*i - p*i - i**2. Give b(-6).
-6
Suppose 0 = 5*n - 7 - 23. Let p(v) be the second derivative of 1/2*v**4 + 4*v**2 - 1/3*v**3 - 1/20*v**5 - 2*v + 0. Determine p(n).
-4
Let b(n) be the second derivative of -n**6/720 + n**5/10 + 3*n**4/4 - 4*n. Let i(g) be the third derivative of b(g). Give i(5).
7
Let v(x) = -x**3 + 2*x**2 + 5*x - 1. Let n(z) = 1. Let l(i) = -i + 1. Let q(b) = l(b) - n(b). Let o be q(-4). What is v(o)?
-13
Let j(b) = 4*b**2 - b - 1. Let v be j(-1). Suppose 16 - v = -4*s. Let i(o) = -o**3 - o**2 + 4*o. What is i(s)?
6
Suppose 0 = -4*o - 3*t - 18, 34 = 3*o - 7*o + 5*t. Let z(u) = -u + 4. Calculate z(o).
10
Let y(c) = 10 - 4 + c + 0*c**3 - 5*c**3 + 4*c**3 + 5*c**2. Determine y(5).
11
Let d be (-2)/(-4)*0/8. Let l(m) = m - 3. What is l(d)?
-3
Suppose -2 = 3*p - 4*p. Suppose -2*i = p*i - f + 15, -2*i - 25 = 3*f. Let r(q) be the second derivative of -q**5/20 - 5*q**4/12 + q**2 + 4*q. Calculate r(i).
2
Suppose 2*j - 2*m - 8 = -2, -2*m - 6 = j. Let t(h) be the second derivative of -h**4/12 + 3*h**2 + h. Calculate t(j).
6
Let p(u) = 0 - 9*u - 7*u - 1 + 19*u. Let v = -7 - -8. Determine p(v).
2
Let i = 2 - 4. Let u(f) be the third derivative of f**4/12 + f**3/2 - 3*f**2. Determine u(i).
-1
Let o(f) be the first derivative of -f**4/4 + f**2/2 - 6*f + 6. Let v(p) be the first derivative of o(p). Determine v(-1).
-2
Suppose -2*p - 5*o = 5, 3*o = 2*p - 5*p + 6. Suppose 6*g = p*g + 3. Let h(c) = -4 - 4 + g + 5*c**2 - c**3. Give h(5).
-5
Let f(c) = -4*c**2 - 3*c - 1. Let k be f(-2). Let g